the prime factors of 2185.
5, 19, 23
List the prime factors of 4314.
2, 3, 719
What are the prime factors of 1150?
2, 5, 23
What are the prime factors of 40976?
2, 13, 197
List the prime factors of 92.
2, 23
List the prime factors of 895.
5, 179
List the prime factors of 37653.
3, 7, 11, 163
What are the prime factors of 38433?
3, 23, 557
What are the prime factors of 1387?
19, 73
List the prime factors of 45642.
2, 3, 7607
What are the prime factors of 19804?
2, 4951
List the prime factors of 2400.
2, 3, 5
List the prime factors of 974.
2, 487
List the prime factors of 10994.
2, 23, 239
What are the prime factors of 1524?
2, 3, 127
What are the prime factors of 566?
2, 283
List the prime factors of 282.
2, 3, 47
List the prime factors of 19985.
5, 7, 571
What are the prime factors of 37149?
3, 7, 29, 61
List the prime factors of 2054.
2, 13, 79
List the prime factors of 13582.
2, 6791
List the prime factors of 7227.
3, 11, 73
List the prime factors of 3909.
3, 1303
List the prime factors of 21363.
3, 7121
List the prime factors of 1731.
3, 577
List the prime factors of 12815.
5, 11, 233
What are the prime factors of 25330?
2, 5, 17, 149
What are the prime factors of 139883?
139883
What are the prime factors of 1405?
5, 281
List the prime factors of 782.
2, 17, 23
List the prime factors of 36550.
2, 5, 17, 43
What are the prime factors of 65039?
13, 5003
List the prime factors of 55593.
3, 29, 71
What are the prime factors of 1120?
2, 5, 7
List the prime factors of 81809.
7, 13, 29, 31
List the prime factors of 6132.
2, 3, 7, 73
What are the prime factors of 109255?
5, 21851
What are the prime factors of 999?
3, 37
List the prime factors of 17969.
7, 17, 151
List the prime factors of 48.
2, 3
What are the prime factors of 3200?
2, 5
List the prime factors of 28671.
3, 19, 503
What are the prime factors of 9632?
2, 7, 43
What are the prime factors of 933?
3, 311
What are the prime factors of 373?
373
What are the prime factors of 509?
509
What are the prime factors of 97?
97
What are the prime factors of 598?
2, 13, 23
List the prime factors of 615.
3, 5, 41
List the prime factors of 4231.
4231
What are the prime factors of 87176?
2, 17, 641
What are the prime factors of 6691?
6691
What are the prime factors of 416?
2, 13
What are the prime factors of 1130?
2, 5, 113
List the prime factors of 9252.
2, 3, 257
List the prime factors of 6405.
3, 5, 7, 61
List the prime factors of 1047.
3, 349
List the prime factors of 13688.
2, 29, 59
What are the prime factors of 66667?
163, 409
What are the prime factors of 3663?
3, 11, 37
What are the prime factors of 14265?
3, 5, 317
What are the prime factors of 7855?
5, 1571
List the prime factors of 1861.
1861
List the prime factors of 1419.
3, 11, 43
What are the prime factors of 14639?
14639
What are the prime factors of 52231?
19, 2749
List the prime factors of 1172.
2, 293
List the prime factors of 26012.
2, 7, 929
List the prime factors of 44255.
5, 53, 167
List the prime factors of 966.
2, 3, 7, 23
What are the prime factors of 130546?
2, 13, 5021
What are the prime factors of 548?
2, 137
What are the prime factors of 2326?
2, 1163
What are the prime factors of 75838?
2, 7, 5417
What are the prime factors of 488?
2, 61
List the prime factors of 11240.
2, 5, 281
List the prime factors of 41569.
11, 3779
What are the prime factors of 3309?
3, 1103
List the prime factors of 18377.
17, 23, 47
List the prime factors of 33406.
2, 16703
List the prime factors of 1301.
1301
What are the prime factors of 11466?
2, 3, 7, 13
List the prime factors of 14353.
31, 463
List the prime factors of 1174.
2, 587
List the prime factors of 847.
7, 11
List the prime factors of 2115.
3, 5, 47
List the prime factors of 4011.
3, 7, 191
List the prime factors of 7603.
7603
List the prime factors of 351.
3, 13
What are the prime factors of 14229?
3, 17, 31
What are the prime factors of 2441?
2441
What are the prime factors of 1520?
2, 5, 19
What are the prime factors of 1752?
2, 3, 73
List the prime factors of 3.
3
What are the prime factors of 1035?
3, 5, 23
What are the prime factors of 2479?
37, 67
What are the prime factors of 47545?
5, 37, 257
What are the prime factors of 15889?
15889
List the prime factors of 113411.
19, 47, 127
What are the prime factors of 4874?
2, 2437
List the prime factors of 3324.
2, 3, 277
What are the prime factors of 18604?
2, 4651
List the prime factors of 387.
3, 43
List the prime factors of 60270.
2, 3, 5, 7, 41
List the prime factors of 8901.
3, 23, 43
List the prime factors of 15051.
3, 29, 173
List the prime factors of 1169.
7, 167
What are the prime factors of 263?
263
List the prime factors of 8624.
2, 7, 11
List the prime factors of 601.
601
What are the prime factors of 12547?
12547
List the prime factors of 139.
139
List the prime factors of 3447.
3, 383
List the prime factors of 9897.
3, 3299
List the prime factors of 1862.
2, 7, 19
What are the prime factors of 28036?
2, 43, 163
List the prime factors of 17530.
2, 5, 1753
What are the prime factors of 1864?
2, 233
List the prime factors of 2712.
2, 3, 113
List the prime factors of 75229.
7, 11, 977
List the prime factors of 2266.
2, 11, 103
List the prime factors of 31157.
7, 4451
List the prime factors of 3682.
2, 7, 263
List the prime factors of 34958.
2, 7, 11, 227
List the prime factors of 1890.
2, 3, 5, 7
What are the prime factors of 414?
2, 3, 23
What are the prime factors of 670?
2, 5, 67
List the prime factors of 80328.
2, 3, 3347
What are the prime factors of 1318?
2, 659
What are the prime factors of 2287?
2287
List the prime factors of 3909.
3, 1303
What are the prime factors of 43483?
11, 59, 67
What are the prime factors of 14974?
2, 7487
What are the prime factors of 9196?
2, 11, 19
What are the prime factors of 2369?
23, 103
What are the prime factors of 3314?
2, 1657
What are the prime factors of 26792?
2, 17, 197
What are the prime factors of 89032?
2, 31, 359
What are the prime factors of 5356?
2, 13, 103
What are the prime factors of 5361?
3, 1787
List the prime factors of 20802.
2, 3, 3467
What are the prime factors of 4278?
2, 3, 23, 31
What are the prime factors of 3912?
2, 3, 163
List the prime factors of 1942.
2, 971
What are the prime factors of 11520?
2, 3, 5
List the prime factors of 3915.
3, 5, 29
What are the prime factors of 7757?
7757
List the prime factors of 213111.
3, 877
List the prime factors of 3868.
2, 967
What are the prime factors of 18885?
3, 5, 1259
What are the prime factors of 6967?
6967
What are the prime factors of 5936?
2, 7, 53
List the prime factors of 22768.
2, 1423
List the prime factors of 1112.
2, 139
List the prime factors of 26910.
2, 3, 5, 13, 23
List the prime factors of 2276.
2, 569
What are the prime factors of 656?
2, 41
List the prime factors of 767.
13, 59
What are the prime factors of 59739?
3, 19913
What are the prime factors of 969?
3, 17, 19
What are the prime factors of 4130?
2, 5, 7, 59
What are the prime factors of 1551?
3, 11, 47
List the prime factors of 112608.
2, 3, 17, 23
List the prime factors of 20988.
2, 3, 11, 53
List the prime factors of 6728.
2, 29
What are the prime factors of 8697?
3, 13, 223
List the prime factors of 1609.
1609
List the prime factors of 78633.
3, 8737
List the prime factors of 1312.
2, 41
List the prime factors of 379.
379
List the prime factors of 8039.
8039
What are the prime factors of 1329?
3, 443
What are the prime factors of 1215?
3, 5
List the prime factors of 23792.
2, 1487
List the prime factors of 1605.
3, 5, 107
List the prime factors of 202489.
7, 28927
List the prime factors of 2702.
2, 7, 193
List the prime factors of 1079.
13, 83
What are the prime factors of 889?
7, 127
What are the prime factors of 1674?
2, 3, 31
List the prime factors of 1243.
11, 113
List the prime factors of 5656.
2, 7, 101
List the prime factors of 72905.
5, 7, 2083
What are the prime factors of 3074?
2, 29, 53
List the prime factors of 58.
2, 29
List the prime factors of 16408.
2, 7, 293
List the prime factors of 333.
3, 37
List the prime factors of 16689.
3, 5563
What are the prime factors of 12862?
2, 59, 109
What are the prime factors of 1651?
13, 127
What are the prime factors of 81934?
2, 71, 577
List the prime factors of 40113.
3, 4457